{"id":2,"date":"2022-07-27T15:58:33","date_gmt":"2022-07-27T15:58:33","guid":{"rendered":"https:\/\/3dsets.com\/forum\/?page_id=2"},"modified":"2022-07-28T21:51:56","modified_gmt":"2022-07-28T21:51:56","slug":"home","status":"publish","type":"page","link":"https:\/\/3dsets.com\/forum\/","title":{"rendered":"Home"},"content":{"rendered":"\n\n<div id=\"bbpress-forums\" class=\"bbpress-wrapper\">\n\n\t\n\t<div class=\"bbp-search-form\">\n\t\t<form role=\"search\" method=\"get\" id=\"bbp-search-form\">\n\t\t\t<div>\n\t\t\t\t<label class=\"screen-reader-text hidden\" for=\"bbp_search\">Search for:<\/label>\n\t\t\t\t<input type=\"hidden\" name=\"action\" value=\"bbp-search-request\" \/>\n\t\t\t\t<input type=\"text\" value=\"\" name=\"bbp_search\" id=\"bbp_search\" \/>\n\t\t\t\t<input class=\"button\" type=\"submit\" id=\"bbp_search_submit\" value=\"Search\" \/>\n\t\t\t<\/div>\n\t\t<\/form>\n\t<\/div>\n\n\n\t<div class=\"bbp-breadcrumb\"><p><a href=\"https:\/\/3dsets.com\/forum\" class=\"bbp-breadcrumb-home\">Home<\/a> <span class=\"bbp-breadcrumb-sep\">&rsaquo;<\/span> <span class=\"bbp-breadcrumb-current\">Forums<\/span><\/p><\/div>\n\t\n\t\n\t\n\t\t\n<ul id=\"forums-list-0\" class=\"bbp-forums\">\n\n\t<li class=\"bbp-header\">\n\n\t\t<ul class=\"forum-titles\">\n\t\t\t<li class=\"bbp-forum-info\">Forum<\/li>\n\t\t\t<li class=\"bbp-forum-topic-count\">Topics<\/li>\n\t\t\t<li class=\"bbp-forum-reply-count\">Posts<\/li>\n\t\t\t<li class=\"bbp-forum-freshness\">Last Post<\/li>\n\t\t<\/ul>\n\n\t<\/li><!-- .bbp-header -->\n\n\t<li class=\"bbp-body\">\n\n\t\t\n\t\t\t\n<ul id=\"bbp-forum-182\" class=\"loop-item-0 bbp-forum-status-closed bbp-forum-visibility-publish odd  post-182 forum type-forum status-publish hentry\">\n\t<li class=\"bbp-forum-info\">\n\n\t\t\n\t\t\n\t\t<a class=\"bbp-forum-title\" href=\"https:\/\/3dsets.com\/forum\/forums\/forum\/news-updates\/\">3D Sets News and Updates<\/a>\n\n\t\t\n\t\t\n\t\t<div class=\"bbp-forum-content\"><\/div>\n\n\t\t\n\t\t\n\t\t\n\t\t\n\t\t\n\t<\/li>\n\n\t<li class=\"bbp-forum-topic-count\">1<\/li>\n\n\t<li class=\"bbp-forum-reply-count\">1<\/li>\n\n\t<li class=\"bbp-forum-freshness\">\n\n\t\t\n\t\t<a href=\"https:\/\/3dsets.com\/forum\/forums\/topic\/update-rescuer-1-2\/\" title=\"Update Rescuer 1.2\">2 years, 8 months ago<\/a>\n\t\t\n\t\t<p class=\"bbp-topic-meta\">\n\n\t\t\t\n\t\t\t<span class=\"bbp-topic-freshness-author\"><a href=\"https:\/\/3dsets.com\/forum\/forums\/users\/jirilorencik\/\" title=\"View Ji\u0159\u00ed Loren\u010d\u00edk&#039;s profile\" class=\"bbp-author-link\"><span  class=\"bbp-author-avatar\"><\/span><span  class=\"bbp-author-name\">Ji\u0159\u00ed Loren\u010d\u00edk<\/span><\/a><\/span>\n\n\t\t\t\n\t\t<\/p>\n\t<\/li>\n<\/ul><!-- #bbp-forum-182 -->\n\n\t\t\n\t\t\t\n<ul id=\"bbp-forum-231\" class=\"loop-item-1 bbp-forum-status-open bbp-forum-visibility-publish even  post-231 forum type-forum status-publish hentry\">\n\t<li class=\"bbp-forum-info\">\n\n\t\t\n\t\t\n\t\t<a class=\"bbp-forum-title\" href=\"https:\/\/3dsets.com\/forum\/forums\/forum\/question-and-answers\/\">FAQ &#8211; about printing, building for begginers<\/a>\n\n\t\t\n\t\t\n\t\t<div class=\"bbp-forum-content\">Pokud nenajde\u0161 odpov\u011b\u010f, zeptej se.<\/div>\n\n\t\t\n\t\t\n\t\t\n\t\t\n\t\t\n\t<\/li>\n\n\t<li class=\"bbp-forum-topic-count\">1<\/li>\n\n\t<li class=\"bbp-forum-reply-count\">1<\/li>\n\n\t<li class=\"bbp-forum-freshness\">\n\n\t\t\n\t\t<a href=\"https:\/\/3dsets.com\/forum\/forums\/topic\/test\/\" title=\"test\">3 years, 3 months ago<\/a>\n\t\t\n\t\t<p class=\"bbp-topic-meta\">\n\n\t\t\t\n\t\t\t<span class=\"bbp-topic-freshness-author\"><a href=\"https:\/\/3dsets.com\/forum\/forums\/users\/jiri_lorencik\/\" title=\"View jiri_lorencik&#039;s profile\" class=\"bbp-author-link\"><span  class=\"bbp-author-avatar\"><\/span><span  class=\"bbp-author-name\">jiri_lorencik<\/span><\/a><\/span>\n\n\t\t\t\n\t\t<\/p>\n\t<\/li>\n<\/ul><!-- #bbp-forum-231 -->\n\n\t\t\n\t\t\t\n<ul id=\"bbp-forum-7998\" class=\"loop-item-2 bbp-forum-status-open bbp-forum-visibility-publish odd  post-7998 forum type-forum status-publish hentry\">\n\t<li class=\"bbp-forum-info\">\n\n\t\t\n\t\t\n\t\t<a class=\"bbp-forum-title\" href=\"https:\/\/3dsets.com\/forum\/forums\/forum\/building-tips-and-tricks\/\">Advance Tips and Tricks<\/a>\n\n\t\t\n\t\t\n\t\t<div class=\"bbp-forum-content\">Tipy a rady pro zku\u0161en\u00e9 u\u017eivatele co v\u011bd\u00ed co d\u011blaj\u00ed<\/div>\n\n\t\t\n\t\t\n\t\t\n\t\t\n\t\t\n\t<\/li>\n\n\t<li class=\"bbp-forum-topic-count\">1<\/li>\n\n\t<li class=\"bbp-forum-reply-count\">1<\/li>\n\n\t<li class=\"bbp-forum-freshness\">\n\n\t\t\n\t\t<a href=\"https:\/\/3dsets.com\/forum\/forums\/topic\/how-can-i-delete-support-in-stl\/\" title=\"How can I delete support in STL\">3 years, 1 month ago<\/a>\n\t\t\n\t\t<p class=\"bbp-topic-meta\">\n\n\t\t\t\n\t\t\t<span class=\"bbp-topic-freshness-author\"><a href=\"https:\/\/3dsets.com\/forum\/forums\/users\/jirilorencik\/\" title=\"View Ji\u0159\u00ed Loren\u010d\u00edk&#039;s profile\" class=\"bbp-author-link\"><span  class=\"bbp-author-avatar\"><\/span><span  class=\"bbp-author-name\">Ji\u0159\u00ed Loren\u010d\u00edk<\/span><\/a><\/span>\n\n\t\t\t\n\t\t<\/p>\n\t<\/li>\n<\/ul><!-- #bbp-forum-7998 -->\n\n\t\t\n\t\t\t\n<ul id=\"bbp-forum-223\" class=\"loop-item-3 bbp-forum-status-open bbp-forum-visibility-publish even  status-category bbp-has-subforums post-223 forum type-forum status-publish hentry\">\n\t<li class=\"bbp-forum-info\">\n\n\t\t\n\t\t\n\t\t<a class=\"bbp-forum-title\" href=\"https:\/\/3dsets.com\/forum\/forums\/forum\/customers-updates\/\">Content made by 3D Sets fans<\/a>\n\n\t\t\n\t\t\n\t\t<div class=\"bbp-forum-content\">Ud\u011blal jsi si nov\u00fd vlastn\u00ed d\u00edl pro modely 3D Sets a chce\u0161 se s n\u00edm pod\u011blit? Nev\u00e1hej a dej sem link<\/div>\n\n\t\t\n\t\t\n\t\t<ul class=\"bbp-forums-list\"><li class=\"bbp-forum css-sep\"><a href=\"https:\/\/3dsets.com\/forum\/forums\/forum\/customers-updates\/printables\/\" class=\"bbp-forum-link\">Printables (2, 0)<\/a><\/li><li class=\"bbp-forum css-sep\"><a href=\"https:\/\/3dsets.com\/forum\/forums\/forum\/customers-updates\/thingiverse\/\" class=\"bbp-forum-link\">Thingiverse (1, 0)<\/a><\/li><li class=\"bbp-forum css-sep\"><a href=\"https:\/\/3dsets.com\/forum\/forums\/forum\/customers-updates\/other-sites\/\" class=\"bbp-forum-link\">Other Sites (0, 0)<\/a><\/li><\/ul>\n\t\t\n\t\t\n\t<\/li>\n\n\t<li class=\"bbp-forum-topic-count\">4<\/li>\n\n\t<li class=\"bbp-forum-reply-count\">4<\/li>\n\n\t<li class=\"bbp-forum-freshness\">\n\n\t\t\n\t\t<a href=\"https:\/\/3dsets.com\/forum\/forums\/topic\/smaz\/\" title=\"sma\u017e\">3 years, 1 month ago<\/a>\n\t\t\n\t\t<p class=\"bbp-topic-meta\">\n\n\t\t\t\n\t\t\t<span class=\"bbp-topic-freshness-author\"><a href=\"https:\/\/3dsets.com\/forum\/forums\/users\/jirilorencik\/\" title=\"View Ji\u0159\u00ed Loren\u010d\u00edk&#039;s profile\" class=\"bbp-author-link\"><span  class=\"bbp-author-avatar\"><\/span><span  class=\"bbp-author-name\">Ji\u0159\u00ed Loren\u010d\u00edk<\/span><\/a><\/span>\n\n\t\t\t\n\t\t<\/p>\n\t<\/li>\n<\/ul><!-- #bbp-forum-223 -->\n\n\t\t\n\t\t\t\n<ul id=\"bbp-forum-221\" class=\"loop-item-4 bbp-forum-status-open bbp-forum-visibility-publish odd  post-221 forum type-forum status-publish hentry\">\n\t<li class=\"bbp-forum-info\">\n\n\t\t\n\t\t\n\t\t<a class=\"bbp-forum-title\" href=\"https:\/\/3dsets.com\/forum\/forums\/forum\/your-models\/\">Show of your models<\/a>\n\n\t\t\n\t\t\n\t\t<div class=\"bbp-forum-content\">Pochlub se se sv\u00fdm modelem od 3D Sets. M\u00e1\u0161 zaj\u00edmavou barevnou kombinaci? Vlastn\u00ed \u00fapravy, fotky v n\u00e1dhern\u00e9m prost\u0159ed\u00ed?... uka\u017e n\u00e1m je v\u0161em.<\/div>\n\n\t\t\n\t\t\n\t\t\n\t\t\n\t\t\n\t<\/li>\n\n\t<li class=\"bbp-forum-topic-count\">1<\/li>\n\n\t<li class=\"bbp-forum-reply-count\">1<\/li>\n\n\t<li class=\"bbp-forum-freshness\">\n\n\t\t\n\t\t<a href=\"https:\/\/3dsets.com\/forum\/forums\/topic\/rancher\/\" title=\"Landy Pickup\">3 years, 7 months ago<\/a>\n\t\t\n\t\t<p class=\"bbp-topic-meta\">\n\n\t\t\t\n\t\t\t<span class=\"bbp-topic-freshness-author\"><a href=\"https:\/\/3dsets.com\/forum\/forums\/users\/jirilorencik\/\" title=\"View Ji\u0159\u00ed Loren\u010d\u00edk&#039;s profile\" class=\"bbp-author-link\"><span  class=\"bbp-author-avatar\"><\/span><span  class=\"bbp-author-name\">Ji\u0159\u00ed Loren\u010d\u00edk<\/span><\/a><\/span>\n\n\t\t\t\n\t\t<\/p>\n\t<\/li>\n<\/ul><!-- #bbp-forum-221 -->\n\n\t\t\n\t\t\t\n<ul id=\"bbp-forum-227\" class=\"loop-item-5 bbp-forum-status-open bbp-forum-visibility-publish even  bbp-has-subforums post-227 forum type-forum status-publish hentry\">\n\t<li class=\"bbp-forum-info\">\n\n\t\t\n\t\t\n\t\t<a class=\"bbp-forum-title\" href=\"https:\/\/3dsets.com\/forum\/forums\/forum\/non-printable-parts\/\">Where you buy &#8211; Non-printable parts<\/a>\n\n\t\t\n\t\t\n\t\t<div class=\"bbp-forum-content\">Pod\u011blte se, kde jste nakoupili netisknuteln\u00e9 sou\u010d\u00e1stky.<\/div>\n\n\t\t\n\t\t\n\t\t<ul class=\"bbp-forums-list\"><li class=\"bbp-forum css-sep\"><a href=\"https:\/\/3dsets.com\/forum\/forums\/forum\/non-printable-parts\/tires\/\" class=\"bbp-forum-link\">Tires (0, 0)<\/a><\/li><li class=\"bbp-forum css-sep\"><a href=\"https:\/\/3dsets.com\/forum\/forums\/forum\/non-printable-parts\/motors\/\" class=\"bbp-forum-link\">Motors (0, 0)<\/a><\/li><li class=\"bbp-forum css-sep\"><a href=\"https:\/\/3dsets.com\/forum\/forums\/forum\/non-printable-parts\/screws\/\" class=\"bbp-forum-link\">Screws &#038; Nuts (0, 0)<\/a><\/li><li class=\"bbp-forum css-sep\"><a href=\"https:\/\/3dsets.com\/forum\/forums\/forum\/non-printable-parts\/bearings\/\" class=\"bbp-forum-link\">Ball Bearings (0, 0)<\/a><\/li><li class=\"bbp-forum css-sep\"><a href=\"https:\/\/3dsets.com\/forum\/forums\/forum\/non-printable-parts\/transmitter\/\" class=\"bbp-forum-link\">Radio Controll (0, 0)<\/a><\/li><li class=\"bbp-forum css-sep\"><a href=\"https:\/\/3dsets.com\/forum\/forums\/forum\/non-printable-parts\/speed-controller-esc\/\" class=\"bbp-forum-link\">Speed controller (ESC) (0, 0)<\/a><\/li><li class=\"bbp-forum css-sep\"><a href=\"https:\/\/3dsets.com\/forum\/forums\/forum\/non-printable-parts\/timing-belt\/\" class=\"bbp-forum-link\">Timing Belt (0, 0)<\/a><\/li><li class=\"bbp-forum css-sep\"><a href=\"https:\/\/3dsets.com\/forum\/forums\/forum\/non-printable-parts\/steering-servo\/\" class=\"bbp-forum-link\">Steering Servo (0, 0)<\/a><\/li><li class=\"bbp-forum css-sep\"><a href=\"https:\/\/3dsets.com\/forum\/forums\/forum\/non-printable-parts\/shock-absorbers\/\" class=\"bbp-forum-link\">Shock Absorbers (0, 0)<\/a><\/li><li class=\"bbp-forum css-sep\"><a href=\"https:\/\/3dsets.com\/forum\/forums\/forum\/non-printable-parts\/battery\/\" class=\"bbp-forum-link\">Battery (0, 0)<\/a><\/li><li class=\"bbp-forum css-sep\"><a href=\"https:\/\/3dsets.com\/forum\/forums\/forum\/non-printable-parts\/cable-connectors\/\" class=\"bbp-forum-link\">Cable Connectors (0, 0)<\/a><\/li><li class=\"bbp-forum css-sep\"><a href=\"https:\/\/3dsets.com\/forum\/forums\/forum\/non-printable-parts\/transparent-foil\/\" class=\"bbp-forum-link\">Transparent Foil (0, 0)<\/a><\/li><li class=\"bbp-forum css-sep\"><a href=\"https:\/\/3dsets.com\/forum\/forums\/forum\/non-printable-parts\/grease\/\" class=\"bbp-forum-link\">Grease (0, 0)<\/a><\/li><li class=\"bbp-forum css-sep\"><a href=\"https:\/\/3dsets.com\/forum\/forums\/forum\/non-printable-parts\/battery-charger\/\" class=\"bbp-forum-link\">Battery charger (0, 0)<\/a><\/li><\/ul>\n\t\t\n\t\t\n\t<\/li>\n\n\t<li class=\"bbp-forum-topic-count\">0<\/li>\n\n\t<li class=\"bbp-forum-reply-count\">0<\/li>\n\n\t<li class=\"bbp-forum-freshness\">\n\n\t\t\n\t\tNo Topics\n\t\t\n\t\t<p class=\"bbp-topic-meta\">\n\n\t\t\t\n\t\t\t<span class=\"bbp-topic-freshness-author\"><\/span>\n\n\t\t\t\n\t\t<\/p>\n\t<\/li>\n<\/ul><!-- #bbp-forum-227 -->\n\n\t\t\n\t\t\t\n<ul id=\"bbp-forum-225\" class=\"loop-item-6 bbp-forum-status-open bbp-forum-visibility-publish odd  post-225 forum type-forum status-publish hentry\">\n\t<li class=\"bbp-forum-info\">\n\n\t\t\n\t\t\n\t\t<a class=\"bbp-forum-title\" href=\"https:\/\/3dsets.com\/forum\/forums\/forum\/meets\/\">Meet and Greed with 3D Sets Fans<\/a>\n\n\t\t\n\t\t\n\t\t<div class=\"bbp-forum-content\">Najdi a setkej se s fanou\u0161ky model\u016f 3D sets<\/div>\n\n\t\t\n\t\t\n\t\t\n\t\t\n\t\t\n\t<\/li>\n\n\t<li class=\"bbp-forum-topic-count\">0<\/li>\n\n\t<li class=\"bbp-forum-reply-count\">0<\/li>\n\n\t<li class=\"bbp-forum-freshness\">\n\n\t\t\n\t\tNo Topics\n\t\t\n\t\t<p class=\"bbp-topic-meta\">\n\n\t\t\t\n\t\t\t<span class=\"bbp-topic-freshness-author\"><\/span>\n\n\t\t\t\n\t\t<\/p>\n\t<\/li>\n<\/ul><!-- #bbp-forum-225 -->\n\n\t\t\n\t<\/li><!-- .bbp-body -->\n\n\t<li class=\"bbp-footer\">\n\n\t\t<div class=\"tr\">\n\t\t\t<p class=\"td colspan4\">&nbsp;<\/p>\n\t\t<\/div><!-- .tr -->\n\n\t<\/li><!-- .bbp-footer -->\n\n<\/ul><!-- .forums-directory -->\n\n\n\t\n\t<div class=\"bbp-template-notice\"><ul><li>Only paying customers can create topics or post replies.<\/li><\/ul><\/div>\n<\/div>\n\n","protected":false},"excerpt":{"rendered":"","protected":false},"author":6903,"featured_media":0,"parent":0,"menu_order":0,"comment_status":"closed","ping_status":"closed","template":"","meta":{"_acf_changed":false,"_bbp_topic_count":0,"_bbp_reply_count":0,"_bbp_total_topic_count":0,"_bbp_total_reply_count":0,"_bbp_voice_count":0,"_bbp_anonymous_reply_count":0,"_bbp_topic_count_hidden":0,"_bbp_reply_count_hidden":0,"_bbp_forum_subforum_count":0,"footnotes":""},"acf":[],"_links":{"self":[{"href":"https:\/\/3dsets.com\/forum\/wp-json\/wp\/v2\/pages\/2"}],"collection":[{"href":"https:\/\/3dsets.com\/forum\/wp-json\/wp\/v2\/pages"}],"about":[{"href":"https:\/\/3dsets.com\/forum\/wp-json\/wp\/v2\/types\/page"}],"author":[{"embeddable":true,"href":"https:\/\/3dsets.com\/forum\/wp-json\/wp\/v2\/users\/6903"}],"replies":[{"embeddable":true,"href":"https:\/\/3dsets.com\/forum\/wp-json\/wp\/v2\/comments?post=2"}],"version-history":[{"count":2,"href":"https:\/\/3dsets.com\/forum\/wp-json\/wp\/v2\/pages\/2\/revisions"}],"predecessor-version":[{"id":6,"href":"https:\/\/3dsets.com\/forum\/wp-json\/wp\/v2\/pages\/2\/revisions\/6"}],"wp:attachment":[{"href":"https:\/\/3dsets.com\/forum\/wp-json\/wp\/v2\/media?parent=2"}],"curies":[{"name":"wp","href":"https:\/\/api.w.org\/{rel}","templated":true}]}}